201021
49555 (base 10) to base 12
24817
What is -1032755 (base 9) in base 15?
-add9e
What is -1848 (base 15) in base 9?
-7165
-540043 (base 7) to base 5
-10444140
Convert -2046813 (base 10) to base 2.
-111110011101101011101
-249972 (base 12) to base 5
-123110132
What is -9c0 (base 16) in base 14?
-ca4
What is -101110000000101111011 (base 2) in base 5?
-341221312
88a25 (base 12) to base 14
4a057
46723 (base 8) to base 6
232123
-1660446 (base 8) to base 5
-110433442
Convert -1b58a0 (base 14) to base 6.
-32525420
What is 11101100011111100110010 (base 2) in base 7?
122604036
What is 2400204 (base 9) in base 12?
527a64
-4125245 (base 6) to base 7
-1453523
38a4c5 (base 13) to base 8
5152266
456074 (base 10) to base 3
212011121122
What is -103120031 (base 4) in base 2?
-10011011000001101
305535453 (base 6) to base 10
5316153
-2012011012122 (base 3) to base 15
-17eee5
Convert -1023042142 (base 5) to base 8.
-10170707
What is -1021312300 (base 4) in base 15?
-5e977
What is -142140134 (base 6) in base 13?
-7a9758
What is 3020400 (base 6) in base 16?
22d70
What is -13602067 (base 8) in base 12?
-1047187
-142370 (base 9) to base 2
-10101010000010001
Convert 23321332132 (base 4) to base 13.
8537a1
16940 (base 12) to base 16
7ec0
Convert -1010011000001001011 (base 2) to base 12.
-14494b
Convert -2210013113 (base 4) to base 15.
-d4295
What is 2814088 (base 9) in base 11?
965722
Convert 1100000001100110100 (base 2) to base 11.
24a055
Convert -2a8234 (base 11) to base 13.
-13a2bc
Convert 101322 (base 5) to base 10.
3337
What is 378800 (base 13) in base 5?
320121414
Convert -109368 (base 10) to base 13.
-3aa1c
What is 591135 (base 10) in base 7?
5011266
What is 100000010111100010010 (base 2) in base 13?
2b19b8
-166158 (base 11) to base 6
-5302043
1c064d (base 16) to base 3
10110022101000
Convert 1111011010110010 (base 2) to base 7.
352060
What is 37730720 (base 8) in base 10?
8368592
-3b1a4c (base 13) to base 7
-15112634
What is 22222200122 (base 3) in base 13?
626b4
Convert 76496e (base 16) to base 12.
271a17a
24020023 (base 5) to base 16
35b6d
What is -1162560 (base 8) in base 2?
-1001110010101110000
Convert -344169c (base 13) to base 11.
-9095596
323302204 (base 5) to base 4
11102003213
Convert -233155 (base 10) to base 6.
-4555231
What is -10002233 (base 5) in base 11?
-53a32
-2626222 (base 7) to base 12
-14668a
What is -196768a (base 11) in base 2?
-1100101010010011011111
-23221311 (base 5) to base 2
-110011011110001111
Convert -28735 (base 14) to base 5.
-11201303
What is 32a9d (base 15) in base 2?
100111010011111111
Convert -23320230 (base 4) to base 10.
-48684
What is -111220353 (base 6) in base 10?
-2024493
What is -120104202 (base 5) in base 14?
-1048d2
Convert -323eb7 (base 15) to base 8.
-11101366
What is -acd289 (base 16) in base 6?
-1042431333
What is 200010221221211 (base 3) in base 11?
5497680
What is -1018939 (base 14) in base 16?
-73d727
Convert 888514 (base 10) to base 6.
31013254
Convert -1003233313 (base 4) to base 10.
-277495
What is -313131244 (base 5) in base 8?
-4757072
-100110000101111101 (base 2) to base 6
-3202205
-b514 (base 16) to base 6
-554340
What is -186ac12 (base 14) in base 16?
-b88410
What is 16080174 (base 9) in base 14?
10cc40b
What is -245727 (base 8) in base 5?
-10204301
What is -1243032 (base 6) in base 14?
-1ab36
Convert 4426523 (base 7) to base 8.
2050262
What is 122100202212 (base 4) in base 7?
112336332
What is 38c0a7 (base 15) in base 14?
50c8bc
What is 120918 (base 10) in base 8?
354126
332736 (base 10) to base 13
b85b1
What is -11100011111011110011101 (base 2) in base 12?
-2602391
Convert 411455023 (base 6) to base 3.
111022220001120
What is -e2d47 (base 16) in base 15?
-13544a
-132002331 (base 4) to base 10
-123069
38de87 (base 16) to base 13
a06520
101325 (base 10) to base 15
20050
Convert 22011120220 (base 3) to base 4.
213100221
-771077 (base 9) to base 12
-1a22b1
What is -10211211221 (base 3) in base 9?
-124757
204500 (base 16) to base 9
3872875
What is 100111101101110 (base 2) in base 16?
4f6e
What is 11414522 (base 7) in base 2?
11110111001011100110
5015013 (base 7) to base 3
1010002120200
What is -2d865 (base 14) in base 16?
-1bdf1
What is 13312331 (base 5) in base 14?
37473
What is 14241242 (base 6) in base 12?
1b6222
Convert -38fd0f (base 16) to base 12.
-1301413
11012123330 (base 4) to base 7
14236130
314022343 (base 5) to base 16
140d32
-101011100110110110010 (base 2) to base 3
-2200121002202
What is 3580341 (base 10) in base 5?
1404032331
What is -23611006 (base 7) in base 13?
-588664
What is 364955 (base 11) in base 4?
2030333000
-627745 (base 9) to base 6
-11555235
What is -38446 (base 14) in base 16?
-21b3e
Convert -100331130 (base 4) to base 10.
-69468
Convert -223331233 (base 4) to base 8.
-537557
-1719930 (base 13) to base 15
-9ca089
What is -428 (base 12) in base 6?
-2452
What is f293f (base 16) in base 3?
1212110221222
253442 (base 9) to base 7
1206245
-2a6a98 (base 12) to base 8
-2570224
325041 (base 8) to base 12
53169
187e04 (base 16) to base 14
2dad5a
What is 633510 (base 8) in base 2?
110011011101001000
-11110021222 (base 3) to base 4
-111122033
-81346 (base 16) to base 5
-113413342
What is -2442425 (base 6) in base 10?
-130193
What is 885273 (base 9) in base 3?
222212022110
Convert 1518985 (base 11) to base 7.
31061521
Convert -445110 (base 6) to base 15.
-b140
Convert 7b25c (base 16) to base 8.
1731134
What is 1227315 (base 8) in base 14?
8bad7
What is -101313302321 (base 4) in base 11?
-270a998
What is -22222201122 (base 3) in base 10?
-176948
Convert 346653 (base 7) to base 9.
104550
-222322 (base 13) to base 15
-10d627
111000100011111111001 (base 2) to base 3
10111011102200
Convert -34430012 (base 5) to base 2.
-1001011111111011001
Convert -4a698a (base 11) to base 4.
-3003100223
Convert 102803 (base 9) to base 11.
41a49
-214401 (base 13) to base 6
-24421540
Convert -1532878 (base 9) to base 5.
-204123141
Convert -497b9 (base 13) to base 6.
-2522344
10335545 (base 9) to base 3
100101012121112
1917340 (base 10) to base 8
7240634
2cc5c8 (base 14) to base 12
638b98
Convert 20ad2 (base 15) to base 14.
29b0d
-2331213300 (base 4) to base 15
-1051e3
-3c212 (base 13) to base 11
-774a2
43321300 (base 5) to base 6
11533520
Convert 307086 (base 11) to base 13.
143277
Convert -10100011101000110 (base 2) to base 16.
-14746
Convert 100000012 (base 4) to base 11.
45274
-12706342 (base 8) to base 14
-5441b4
Convert -354433055 (base 6) to base 16.
-65a2db
What is -121202122212 (base 3) in base 13?
-b727b
Convert -88722 (base 9) to base 4.
-32120123
Convert 28421a (base 13) to base 14.
1b731d
Convert 20135324 (base 6) to base 3.
1002002122121
10237165 (base 8) to base 2
1000010011111001110101
10011011100001010110 (base 2) to base 8
2334126
175 (base 8) to base 12
a5
-aaec (base 16) to base 14
-11d36
-100110011001010101110 (base 2) to base 9
-2326773
23cd32 (base 16) to base 7
25641332
What is 167458 (base 13) in base 12?
22b457
Convert -17772153 (base 8) to base 15.
-57bd29
Convert -124421123 (base 5) to base 11.
-396316
-726d2 (base 15) to base 5
-43101142
Convert 10011110010000111 (base 2) to base 6.
1423051
-130133221 (base 4) to base 3
-12221002201
What is 10012001002110 (base 3) in base 13?
473aba
What is 7235 (base 16) in base 10?
29237
10927867 (base 10) to base 15
e5cd47
Convert 56832 (base 11) to base 16.
14112
Convert -1000368 (base 9) to base 11.
-333566
723114 (base 10) to base 8
2604252
-148862 (base 10) to base 6
-3105102
What is -11112102020 (base 3) in base 7?
-521115
-10084495 (base 10) to base 9
-20870284
-310214324 (base 5) to base 2
-100110010111111111000
Convert 171b80 (base 12) to base 5.
100204032
What is 264732 (base 9) in base 7?
1240214
What is 138441 (base 9) in base 2?
10100101110111101
-c19de (base 16) to base 14
-16902a
What is -21252324 (base 7) in base 8?
-6721405
What is -918c83 (base 13) in base 4?
-30323213111
What is 44366 (base 11) in base 7?
355350
Convert de96 (base 16) to base 13.
1cc23
-11210020020 (base 3) to base 12
-46629
What is -208146 (base 9) in base 2?
-11110010010010101
What is -1312214011 (base 5) in base 9?
-6080761
What is -111001111100010010001 (base 2) in base 9?
-3513401
What is 2063150 (base 7) in base 12?
101195
-253433 (base 8) to base 5